219*v - v**3 - 3. Determine m(3).
-27
Let w(v) = v**2 + 6*v - 3. Let a(k) = k**3 + k**2 + k + 9. Let l be a(0). Suppose -3*j - l*j = 132. Let m(u) = -4*u - 49. Let f be m(j). Determine w(f).
-8
Let x(i) = i**3 + 2*i**2 + 7*i + 3. Let m(t) = -6*t**3 - 11*t**2 - 39*t - 16. Let s(o) = 2*m(o) + 11*x(o). Give s(0).
1
Let z(f) = -2*f**3 - 4*f**2 - f + 2. Suppose 0 = 3*r - 146 - 88. Let u = r + -80. Determine z(u).
4
Let h(n) = -n**3 + 15*n**2 - 14*n - 3. Let r = 169 - 161. Suppose -r*g - 36 = -148. Calculate h(g).
-3
Let t(s) be the first derivative of -s**6/360 + 13*s**5/120 + 11*s**4/24 - 4*s**3/3 + 3*s + 87. Let x(q) be the third derivative of t(q). Determine x(12).
23
Let q = -3752 + 3748. Let m(u) = 4*u + 19. Determine m(q).
3
Let h(t) = -732*t + 3155. Let a(c) = 284*c - 1262. Let v(k) = 13*a(k) + 5*h(k). What is v(20)?
9
Let k = 74 - 40. Suppose -41*g + k*g = 28. Let v(h) = -h**2 - 5*h + 2. Determine v(g).
6
Let k(q) = -9*q**3 - 3*q**2 - 98*q - 9. Let a(l) = 4*l**3 + 2*l**2 + 56*l + 5. Let r(o) = 7*a(o) + 4*k(o). Calculate r(-1).
9
Let h = -7919 - -7891. Let b(j) = -j**3 - 29*j**2 - 26*j + 77. What is b(h)?
21
Let h(r) = -6*r + 62. Let j = -3059 - -3070. Calculate h(j).
-4
Let n be ((-156)/273)/(1/7). Let i(y) = y**3 + 3*y**2 + 18. Determine i(n).
2
Let t(g) = -g + 7. Suppose 100*i + 5 = 95*i. Give t(i).
8
Let u(g) be the third derivative of -g**6/60 - 4*g**5/15 - g**4/2 + 8*g**3/3 - 1979*g**2. What is u(-7)?
2
Let x(b) = 2*b**2 - 98*b + 975. Let h be x(14). Let v(l) = -2*l**2 + l - 15. Calculate v(h).
-70
Let j be (10/10)/((-3)/(-2)*(-60)/(-45)). Let l(i) be the third derivative of j*i**3 - 2*i**2 + 0*i - 5/12*i**4 + 0. Calculate l(2).
-17
Let m(b) = -b**3 - 6*b**2 - 2*b + 2. Let w = 4190 + -4197. What is m(w)?
65
Suppose d - 1 = -5. Let q(n) = 7*n**2 - 187*n - 7. Let u(w) = -6*w**2 + 155*w + 6. Let t(o) = 5*q(o) + 6*u(o). Give t(d).
5
Let u be (94/14 - 2) + 124/434. Suppose u*y = -0*h + h + 2, -5*h + 4*y - 10 = 0. Let i(j) = -j**3 - 2*j**2 - j + 2. What is i(h)?
4
Let k = 497 + -494. Let t(v) = 5*v + 4. Give t(k).
19
Let i(z) = z**3 - 20*z**2 - 2*z + 7. Let t be (-16)/(96/45)*-2*8/6. Calculate i(t).
-33
Suppose -3*w + 1 = -2. Suppose -3*n + w = -4*z + 2, -3*z = -12. Let t(b) = -b**2 + 10*b - 30. Let j(y) = y - 7. Let a(d) = -4*j(d) + t(d). Determine a(n).
3
Let z = -1127 - -1138. Let h(w) = -w**3 + 13*w**2 - 22*w + 5. Calculate h(z).
5
Let i(f) be the third derivative of -f**8/3360 + f**7/1260 + f**6/720 - 15*f**4/8 + 4*f**2 - 4. Let w(n) be the second derivative of i(n). Give w(-1).
3
Suppose -67*i - 42 = -73*i. Suppose i*t + 11 = 2*o + 2*t, 38 = 5*o - 2*t. Let m(p) = o*p - 4*p - 3*p - 5. Give m(4).
-1
Let m = -3/1417 - -1489/34008. Let k(f) be the third derivative of 0 - 1/120*f**6 + 0*f - f**2 - 1/15*f**5 + m*f**4 + 0*f**3. Give k(-4).
-4
Let n(l) = l**2 + 4*l + 10. Let s be ((-16)/(-10))/((-10)/25). Let r be n(s). Let x(v) = v**3 - 9*v**2 - 7*v - 12. What is x(r)?
18
Let s = -6606 + 19819/3. Let q(j) be the second derivative of -s*j**3 - 1/2*j**2 - 1/20*j**5 + 0 - 1/4*j**4 + 29*j. What is q(-3)?
5
Suppose 686*c = 678*c + 40. Let y(b) be the third derivative of 0 - 1/2*b**3 - 1/24*b**4 + 4*b**2 + 0*b. Calculate y(c).
-8
Let y(p) = p**2 + 5*p + 2. Let r be (-2)/(-5)*(6/2 - -2). Suppose -2*k + 18 = -7*k - 3*n, r*k - 2*n + 4 = 0. Calculate y(k).
-4
Let k(c) be the first derivative of -c**4/2 - 20*c**3/3 + c**2 + 15*c - 1907. Calculate k(-10).
-5
Let b(z) = -z**2 - 7*z - 9. Let f be b(-2). Let w be (-30)/4*12/(-5). Let t(a) = -2*a - 7*a**2 + 19 + 4*a**2 - w - 5*a**2. Determine t(f).
-9
Let y(p) = -p**2 + 20*p + 31. Let s be y(21). Suppose u - 13 + s = 0. Let g(t) = -3*t + 1 - 2*t**2 + u*t**2 + 2. Give g(4).
7
Let i(b) = -2*b**3 - 8*b**2 + 7*b + 2. Let r be i(-5). Suppose 3*g - 4*o + 33 = 0, g + 4*o = r - 12. Let p(q) = -q**3 - 7*q**2 + q + 7. What is p(g)?
0
Let i = -102 + 104. Let q(h) = h**3 + 2 - 2 - 4*h + 2*h**i - 1. What is q(-3)?
2
Let u(a) be the third derivative of a**6/120 - a**5/60 + a**4/12 - 2*a**3/3 + 16*a**2. Let t be u(3). Let d(k) = t*k - 18 + 17 - 6*k. Calculate d(1).
13
Let a = -538 - -543. Let u(c) = 3*c**3 - 16*c**2 + 5*c + 3. Let o be u(a). Let g(l) = 3*l - 4. What is g(o)?
5
Let k(p) = p**3 + p**2 - p + 1. Let q(z) = 4*z**3 + 7*z**2 - z + 2. Let v(u) = -3*k(u) + q(u). Suppose -128 = w - 9*w. Suppose -5*g - w + 1 = 0. What is v(g)?
2
Let l(r) = -r**2 + 2. Let m(i) be the first derivative of i**3/3 - 13*i**2 - 51*i - 109. Let o be m(28). Calculate l(o).
-23
Let h(a) = -49*a. Let p(o) = 142*o - 161. Let f(b) = -3*h(b) - p(b). What is f(-37)?
-24
Suppose 5*h - 14 = 4*y - 6*y, 4*y - 12 = -2*h. Let a(g) = -118 + 54 + g**h + 64 - 9*g. Let d = 8 - 1. What is a(d)?
-14
Let m(r) = -r**2 - 29*r - 1. Suppose 3*p = -2*p + f - 147, -5*p - 143 = f. Calculate m(p).
-1
Let k(m) = -m**3 + 2*m**2 + 3*m. Let z(h) = -3*h - 13. Let f be z(-7). Suppose 0 = f*u - 37 + 13. Determine k(u).
0
Let p be 2/(-4*(-1)/20). Suppose 0 = -11*q + 6*q + p. Let r(j) = -4 + 5*j**q + 9 - 7*j**2 + j**2. What is r(0)?
5
Let y(j) = -20*j + 11. Let u(i) = -13*i + 7. Let z(g) = -8*u(g) + 5*y(g). Suppose 4*r + 2*s - 11 = r, -2*r - 3*s = -14. Let l be (r + 2 - 2)/(8/24). Give z(l).
11
Let o(i) be the first derivative of -20 - 1/12*i**4 + 1/2*i**3 + 21*i - i**2. Let l(x) be the first derivative of o(x). Give l(4).
-6
Let s(w) = -6*w - 1. Suppose -4*n - 18 = 210. Let q = n - -56. Give s(q).
5
Suppose 9*f - 12*f + 3*y - 36 = 0, 4*f + 4*y = -48. Let o(a) be the first derivative of a**4/4 + 11*a**3/3 - 7*a**2 - 18*a - 2. What is o(f)?
6
Let s(n) = 133*n - 2 + 2 - n**3 - 131*n - 4*n**2 + 3*n**2. Let a(y) = -3*y**3 - 4*y**2 + 9*y - 1. Let q(x) = -a(x) + 4*s(x). Calculate q(-2).
11
Let b(y) = 5*y**2 + 13*y - 3. Let l be b(-3). Let p(v) = -v**2 - l*v + 3 - 3*v**3 + 2*v + 4*v**3 + 2*v + 3*v**2. Give p(-2).
1
Let h(u) be the third derivative of -u**4/12 + 17*u**3/6 - u**2. Suppose -4*g + 5*k = 21 - 6, 3*k = -5*g + 9. What is h(g)?
17
Suppose -5*a - 10 = 5*b + 5, 3 = 4*a + b. Let h(s) = 8*s**2 - s**2 + 4*s**2 - 4 - 10*s**2 + 2. Calculate h(a).
2
Let r be -1 - (-13 + 7) - 496. Let g = 502 + r. Let f(h) = h + 1. Calculate f(g).
12
Suppose -46 = -331*h - 147 - 230. Let n(j) be the second derivative of -j**4/2 + j**3/3 + j**2/2 + 4*j. Determine n(h).
-7
Let o(t) = -17*t + 6. Let j(q) = -16*q - 13. Let s be j(-7). Let c(d) = -50*d + 3 + s*d - 58*d. Let w(f) = -11*c(f) + 6*o(f). Calculate w(3).
-6
Let o(k) = 7*k - 15. Let d be o(6). Let l be (-141)/d + (-4)/(-18). Let a(w) be the third derivative of -w**4/24 - 5*w**3/6 - w**2 + 5. Calculate a(l).
0
Let g be (3 + 15 - 9) + 6/2. Let k(u) be the first derivative of 0*u - 1/3*u**3 + g - 3/2*u**2. What is k(-2)?
2
Let i(k) = -4*k + 0 - 6 - 11 + 9. Determine i(-7).
20
Let t(s) = -12*s. Let y(i) = 33*i - 8*i + 5*i - 1081*i**2 - 27 + 1079*i**2. Let b be y(14). Determine t(b).
-12
Let z = 162 - 155. Suppose 15 = -3*h - 4*c + z*c, 2*h = -3*c. Let n(j) = -7*j. Determine n(h).
21
Let n(u) = u**2 + 7*u + 5. Let i(d) = -17*d - 74. Let v be i(-4). Let a be 3*(5 + v) - 4. Give n(a).
5
Let d(q) = -8*q + 2*q**3 + 8*q**2 - q**2 - 3*q**3 + 8. Let w be 585/99 - (-6 - (-65)/11). What is d(w)?
-4
Suppose 1796 = 3*y + r, 4*y + 24*r - 19*r = 2413. Let i = y + -597. Let v(a) = -2*a**2 - a + 2. Determine v(i).
2
Let w(x) = -x**3 - 6*x**2 + 6. Let u be (-1 - -34)*12/(-9). Let d = u + 35. Let j = d - -3. What is w(j)?
6
Let d = -163 - -216. Suppose 0*x + p = -4*x + d, 2*p = -6. Let k(g) = -g**2 + 14*g + 6. Determine k(x).
6
Let u(m) be the first derivative of -m**4/4 - m**3/3 - m**2/2 - 3*m - 8342. Suppose 3*b + 5*w - 4 = 2, 0 = -b - 5*w + 12. Determine u(b).
18
Let f(s) = 3*s**2 - 12*s - 9. Suppose 0 = -6*i + 45 + 81 - 90. Calculate f(i).
27
Let c(d) = 15*d + d**3 - 43889*d**2 + 43904*d**2 + 19 - 20. What is c(-14)?
-15
Let z be (-129 - -116)/(5 + -4). Let j(w) = -8*w**2 + 9*w**2 + 11*w**2 - 12*w + w**3 + 13. Determine j(z).
0
Let h(q) = -2*q**2 + 8*q**2 + q**3 - 179*q + 185*q + q**2 + 2. Let g be (-12)/(3/(-6) + (-25)/(-10)). Determine h(g).
2
Let z(u) = -5 + 28*u + 27*u**2 + 7*u + 2 - 26*u**2 - 6*u**2 - u**3. Determine z(-9).
6
Let u be 247/57 - 2/6. Suppose 3*w - 2*o - 12 = 0, 12 = -2*o - 2*o. Let n(r) = -5 + 2*r**3 - 8*r**2 + 5*r**w + r + 5*r**3 - 6*r**3